{"version":"1.0","provider_name":"Schreiner Group Forum","provider_url":"https:\/\/forum.schreiner-group.com\/de\/","author_name":"markus.liedl@schreiner-group.com","author_url":"https:\/\/forum.schreiner-group.com\/de\/author\/markus-liedlschreiner-group-de\/","title":"Vernetzt f\u00fcr Nachhaltigkeit - Schreiner Group Forum","type":"rich","width":600,"height":338,"html":"<blockquote class=\"wp-embedded-content\" data-secret=\"mORGdWOvzi\"><a href=\"https:\/\/forum.schreiner-group.com\/de\/vernetzt-fuer-nachhaltigkeit\/\">Vernetzt f\u00fcr Nachhaltigkeit<\/a><\/blockquote><iframe sandbox=\"allow-scripts\" security=\"restricted\" src=\"https:\/\/forum.schreiner-group.com\/de\/vernetzt-fuer-nachhaltigkeit\/embed\/#?secret=mORGdWOvzi\" width=\"600\" height=\"338\" title=\"&#8222;Vernetzt f\u00fcr Nachhaltigkeit&#8220; &#8211; Schreiner Group Forum\" data-secret=\"mORGdWOvzi\" frameborder=\"0\" marginwidth=\"0\" marginheight=\"0\" scrolling=\"no\" class=\"wp-embedded-content\"><\/iframe><script type=\"text\/javascript\">\n\/* <![CDATA[ *\/\n\/*! This file is auto-generated *\/\n!function(d,l){\"use strict\";l.querySelector&&d.addEventListener&&\"undefined\"!=typeof URL&&(d.wp=d.wp||{},d.wp.receiveEmbedMessage||(d.wp.receiveEmbedMessage=function(e){var t=e.data;if((t||t.secret||t.message||t.value)&&!\/[^a-zA-Z0-9]\/.test(t.secret)){for(var s,r,n,a=l.querySelectorAll('iframe[data-secret=\"'+t.secret+'\"]'),o=l.querySelectorAll('blockquote[data-secret=\"'+t.secret+'\"]'),c=new RegExp(\"^https?:$\",\"i\"),i=0;i<o.length;i++)o[i].style.display=\"none\";for(i=0;i<a.length;i++)s=a[i],e.source===s.contentWindow&&(s.removeAttribute(\"style\"),\"height\"===t.message?(1e3<(r=parseInt(t.value,10))?r=1e3:~~r<200&&(r=200),s.height=r):\"link\"===t.message&&(r=new URL(s.getAttribute(\"src\")),n=new URL(t.value),c.test(n.protocol))&&n.host===r.host&&l.activeElement===s&&(d.top.location.href=t.value))}},d.addEventListener(\"message\",d.wp.receiveEmbedMessage,!1),l.addEventListener(\"DOMContentLoaded\",function(){for(var e,t,s=l.querySelectorAll(\"iframe.wp-embedded-content\"),r=0;r<s.length;r++)(t=(e=s[r]).getAttribute(\"data-secret\"))||(t=Math.random().toString(36).substring(2,12),e.src+=\"#?secret=\"+t,e.setAttribute(\"data-secret\",t)),e.contentWindow.postMessage({message:\"ready\",secret:t},\"*\")},!1)))}(window,document);\n\/* ]]> *\/\n<\/script>\n","thumbnail_url":"https:\/\/forum.schreiner-group.com\/wp-content\/uploads\/2025\/11\/schreiner-group-connected-sustainability-tour.jpg","thumbnail_width":1920,"thumbnail_height":1280,"description":"Die EU-Richtlinie Corporate Sustainability Reporting Directive, kurz CSRD, verpflichtet viele Unternehmen dazu, umfassend \u00fcber ihre Auswirkungen in den Bereichen Umwelt, Soziales und Unternehmensf\u00fchrung zu berichten. Das Ziel ist eine transparente und vergleichbare Nachhaltigkeitsberichterstattung innerhalb der EU. Um die neuen Anforderungen gemeinsam zu meistern, tauschen sich die Schreiner Group und sieben weitere mittelst\u00e4ndische Unternehmen aus verschiedenen Branchen im CSRD-Unternehmensnetzwerk der Forschungsstelle f\u00fcr Energiewirtschaft (FfE) regelm\u00e4\u00dfig aus."}

Vernetzt für Nachhaltigkeit - Schreiner Group Forum

<blockquote class="wp-embedded-content" data-secret="mORGdWOvzi"><a href="https://forum.schreiner-group.com/de/vernetzt-fuer-nachhaltigkeit/">Vernetzt für Nachhaltigkeit</a></blockquote><iframe sandbox="allow-scripts" security="restricted" src="https://forum.schreiner-group.com/de/vernetzt-fuer-nachhaltigkeit/embed/#?secret=mORGdWOvzi" width="600" height="338" title="&#8222;Vernetzt für Nachhaltigkeit&#8220; &#8211; Schreiner Group Forum" data-secret="mORGdWOvzi" frameborder="0" marginwidth="0" marginheight="0" scrolling="no" class="wp-embedded-content"></iframe><script type="text/javascript">
/* <![CDATA[ */
/*! This file is auto-generated */
!function(d,l){"use strict";l.querySelector&&d.addEventListener&&"undefined"!=typeof URL&&(d.wp=d.wp||{},d.wp.receiveEmbedMessage||(d.wp.receiveEmbedMessage=function(e){var t=e.data;if((t||t.secret||t.message||t.value)&&!/[^a-zA-Z0-9]/.test(t.secret)){for(var s,r,n,a=l.querySelectorAll('iframe[data-secret="'+t.secret+'"]'),o=l.querySelectorAll('blockquote[data-secret="'+t.secret+'"]'),c=new RegExp("^https?:$","i"),i=0;i<o.length;i++)o[i].style.display="none";for(i=0;i<a.length;i++)s=a[i],e.source===s.contentWindow&&(s.removeAttribute("style"),"height"===t.message?(1e3<(r=parseInt(t.value,10))?r=1e3:~~r<200&&(r=200),s.height=r):"link"===t.message&&(r=new URL(s.getAttribute("src")),n=new URL(t.value),c.test(n.protocol))&&n.host===r.host&&l.activeElement===s&&(d.top.location.href=t.value))}},d.addEventListener("message",d.wp.receiveEmbedMessage,!1),l.addEventListener("DOMContentLoaded",function(){for(var e,t,s=l.querySelectorAll("iframe.wp-embedded-content"),r=0;r<s.length;r++)(t=(e=s[r]).getAttribute("data-secret"))||(t=Math.random().toString(36).substring(2,12),e.src+="#?secret="+t,e.setAttribute("data-secret",t)),e.contentWindow.postMessage({message:"ready",secret:t},"*")},!1)))}(window,document);
/* ]]> */
</script>

Die EU-Richtlinie Corporate Sustainability Reporting Directive, kurz CSRD, verpflichtet viele Unternehmen dazu, umfassend über ihre Auswirkungen in den Bereichen Umwelt, Soziales und Unternehmensführung zu berichten. Das Ziel ist eine transparente und vergleichbare Nachhaltigkeitsberichterstattung innerhalb der EU. Um die neuen Anforderungen gemeinsam zu meistern, tauschen sich die Schreiner Group und sieben weitere mittelständische Unternehmen aus verschiedenen Branchen im CSRD-Unternehmensnetzwerk der Forschungsstelle für Energiewirtschaft (FfE) regelmäßig aus.
