{"version":"1.0","provider_name":"Schreiner Group Forum","provider_url":"https:\/\/forum.schreiner-group.com\/de\/","author_name":"markus.liedl@schreiner-group.com","author_url":"https:\/\/forum.schreiner-group.com\/de\/author\/markus-liedlschreiner-group-de\/","title":"Strategisch nachhaltig: Klimaneutralit\u00e4t bis 2030 - Schreiner Group Forum","type":"rich","width":600,"height":338,"html":"<blockquote class=\"wp-embedded-content\" data-secret=\"vlej2toWqX\"><a href=\"https:\/\/forum.schreiner-group.com\/de\/strategisch-nachhaltig-klimaneutralitaet-bis-2030\/\">Strategisch nachhaltig: Klimaneutralit\u00e4t bis 2030<\/a><\/blockquote><iframe sandbox=\"allow-scripts\" security=\"restricted\" src=\"https:\/\/forum.schreiner-group.com\/de\/strategisch-nachhaltig-klimaneutralitaet-bis-2030\/embed\/#?secret=vlej2toWqX\" width=\"600\" height=\"338\" title=\"&#8222;Strategisch nachhaltig: Klimaneutralit\u00e4t bis 2030&#8220; &#8211; Schreiner Group Forum\" data-secret=\"vlej2toWqX\" frameborder=\"0\" marginwidth=\"0\" marginheight=\"0\" scrolling=\"no\" class=\"wp-embedded-content\"><\/iframe><script type=\"text\/javascript\">\n\/* <![CDATA[ *\/\n\/*! This file is auto-generated *\/\n!function(d,l){\"use strict\";l.querySelector&&d.addEventListener&&\"undefined\"!=typeof URL&&(d.wp=d.wp||{},d.wp.receiveEmbedMessage||(d.wp.receiveEmbedMessage=function(e){var t=e.data;if((t||t.secret||t.message||t.value)&&!\/[^a-zA-Z0-9]\/.test(t.secret)){for(var s,r,n,a=l.querySelectorAll('iframe[data-secret=\"'+t.secret+'\"]'),o=l.querySelectorAll('blockquote[data-secret=\"'+t.secret+'\"]'),c=new RegExp(\"^https?:$\",\"i\"),i=0;i<o.length;i++)o[i].style.display=\"none\";for(i=0;i<a.length;i++)s=a[i],e.source===s.contentWindow&&(s.removeAttribute(\"style\"),\"height\"===t.message?(1e3<(r=parseInt(t.value,10))?r=1e3:~~r<200&&(r=200),s.height=r):\"link\"===t.message&&(r=new URL(s.getAttribute(\"src\")),n=new URL(t.value),c.test(n.protocol))&&n.host===r.host&&l.activeElement===s&&(d.top.location.href=t.value))}},d.addEventListener(\"message\",d.wp.receiveEmbedMessage,!1),l.addEventListener(\"DOMContentLoaded\",function(){for(var e,t,s=l.querySelectorAll(\"iframe.wp-embedded-content\"),r=0;r<s.length;r++)(t=(e=s[r]).getAttribute(\"data-secret\"))||(t=Math.random().toString(36).substring(2,12),e.src+=\"#?secret=\"+t,e.setAttribute(\"data-secret\",t)),e.contentWindow.postMessage({message:\"ready\",secret:t},\"*\")},!1)))}(window,document);\n\/* ]]> *\/\n<\/script>\n","thumbnail_url":"https:\/\/forum.schreiner-group.com\/wp-content\/uploads\/2021\/10\/SGR_Luftbild_Oberschleissheim.jpg","thumbnail_width":1920,"thumbnail_height":1280,"description":"Seit langer Zeit sind Klimaschutz und Nachhaltigkeit wichtige Ziele, f\u00fcr die sich die Schreiner Group einsetzt. Um alle Ma\u00dfnahmen zur CO2-Reduzierung und Energieeffizienz, zur Ressourceneinsparung und M\u00fcllvermeidung, aber auch zur Einhaltung der Corporate Governance und Wahrung der Menschenrechte noch weiter verbessern zu k\u00f6nnen, hat die Schreiner Group heuer erstmalig offiziell ein strategisches Nachhaltigkeitsziel verabschiedet."}

Strategisch nachhaltig: Klimaneutralität bis 2030 - Schreiner Group Forum

<blockquote class="wp-embedded-content" data-secret="vlej2toWqX"><a href="https://forum.schreiner-group.com/de/strategisch-nachhaltig-klimaneutralitaet-bis-2030/">Strategisch nachhaltig: Klimaneutralität bis 2030</a></blockquote><iframe sandbox="allow-scripts" security="restricted" src="https://forum.schreiner-group.com/de/strategisch-nachhaltig-klimaneutralitaet-bis-2030/embed/#?secret=vlej2toWqX" width="600" height="338" title="&#8222;Strategisch nachhaltig: Klimaneutralität bis 2030&#8220; &#8211; Schreiner Group Forum" data-secret="vlej2toWqX" frameborder="0" marginwidth="0" marginheight="0" scrolling="no" class="wp-embedded-content"></iframe><script type="text/javascript">
/* <![CDATA[ */
/*! This file is auto-generated */
!function(d,l){"use strict";l.querySelector&&d.addEventListener&&"undefined"!=typeof URL&&(d.wp=d.wp||{},d.wp.receiveEmbedMessage||(d.wp.receiveEmbedMessage=function(e){var t=e.data;if((t||t.secret||t.message||t.value)&&!/[^a-zA-Z0-9]/.test(t.secret)){for(var s,r,n,a=l.querySelectorAll('iframe[data-secret="'+t.secret+'"]'),o=l.querySelectorAll('blockquote[data-secret="'+t.secret+'"]'),c=new RegExp("^https?:$","i"),i=0;i<o.length;i++)o[i].style.display="none";for(i=0;i<a.length;i++)s=a[i],e.source===s.contentWindow&&(s.removeAttribute("style"),"height"===t.message?(1e3<(r=parseInt(t.value,10))?r=1e3:~~r<200&&(r=200),s.height=r):"link"===t.message&&(r=new URL(s.getAttribute("src")),n=new URL(t.value),c.test(n.protocol))&&n.host===r.host&&l.activeElement===s&&(d.top.location.href=t.value))}},d.addEventListener("message",d.wp.receiveEmbedMessage,!1),l.addEventListener("DOMContentLoaded",function(){for(var e,t,s=l.querySelectorAll("iframe.wp-embedded-content"),r=0;r<s.length;r++)(t=(e=s[r]).getAttribute("data-secret"))||(t=Math.random().toString(36).substring(2,12),e.src+="#?secret="+t,e.setAttribute("data-secret",t)),e.contentWindow.postMessage({message:"ready",secret:t},"*")},!1)))}(window,document);
/* ]]> */
</script>

Seit langer Zeit sind Klimaschutz und Nachhaltigkeit wichtige Ziele, für die sich die Schreiner Group einsetzt. Um alle Maßnahmen zur CO2-Reduzierung und Energieeffizienz, zur Ressourceneinsparung und Müllvermeidung, aber auch zur Einhaltung der Corporate Governance und Wahrung der Menschenrechte noch weiter verbessern zu können, hat die Schreiner Group heuer erstmalig offiziell ein strategisches Nachhaltigkeitsziel verabschiedet.
