{"version":"1.0","provider_name":"Schreiner Group Forum","provider_url":"https:\/\/forum.schreiner-group.com\/de\/","author_name":"markus.liedl@schreiner-group.com","author_url":"https:\/\/forum.schreiner-group.com\/de\/author\/markus-liedlschreiner-group-de\/","title":"Needle-Trap: Nadelschutzsystem trifft Nachhaltigkeit - Schreiner Group Forum","type":"rich","width":600,"height":338,"html":"<blockquote class=\"wp-embedded-content\" data-secret=\"Xk80EPVBXi\"><a href=\"https:\/\/forum.schreiner-group.com\/de\/needle-trap-nadelschutzsystem-trifft-nachhaltigkeit\/\">Needle-Trap: Nadelschutzsystem trifft Nachhaltigkeit<\/a><\/blockquote><iframe sandbox=\"allow-scripts\" security=\"restricted\" src=\"https:\/\/forum.schreiner-group.com\/de\/needle-trap-nadelschutzsystem-trifft-nachhaltigkeit\/embed\/#?secret=Xk80EPVBXi\" width=\"600\" height=\"338\" title=\"&#8222;Needle-Trap: Nadelschutzsystem trifft Nachhaltigkeit&#8220; &#8211; Schreiner Group Forum\" data-secret=\"Xk80EPVBXi\" frameborder=\"0\" marginwidth=\"0\" marginheight=\"0\" scrolling=\"no\" class=\"wp-embedded-content\"><\/iframe><script type=\"text\/javascript\">\n\/* <![CDATA[ *\/\n\/*! This file is auto-generated *\/\n!function(d,l){\"use strict\";l.querySelector&&d.addEventListener&&\"undefined\"!=typeof URL&&(d.wp=d.wp||{},d.wp.receiveEmbedMessage||(d.wp.receiveEmbedMessage=function(e){var t=e.data;if((t||t.secret||t.message||t.value)&&!\/[^a-zA-Z0-9]\/.test(t.secret)){for(var s,r,n,a=l.querySelectorAll('iframe[data-secret=\"'+t.secret+'\"]'),o=l.querySelectorAll('blockquote[data-secret=\"'+t.secret+'\"]'),c=new RegExp(\"^https?:$\",\"i\"),i=0;i<o.length;i++)o[i].style.display=\"none\";for(i=0;i<a.length;i++)s=a[i],e.source===s.contentWindow&&(s.removeAttribute(\"style\"),\"height\"===t.message?(1e3<(r=parseInt(t.value,10))?r=1e3:~~r<200&&(r=200),s.height=r):\"link\"===t.message&&(r=new URL(s.getAttribute(\"src\")),n=new URL(t.value),c.test(n.protocol))&&n.host===r.host&&l.activeElement===s&&(d.top.location.href=t.value))}},d.addEventListener(\"message\",d.wp.receiveEmbedMessage,!1),l.addEventListener(\"DOMContentLoaded\",function(){for(var e,t,s=l.querySelectorAll(\"iframe.wp-embedded-content\"),r=0;r<s.length;r++)(t=(e=s[r]).getAttribute(\"data-secret\"))||(t=Math.random().toString(36).substring(2,12),e.src+=\"#?secret=\"+t,e.setAttribute(\"data-secret\",t)),e.contentWindow.postMessage({message:\"ready\",secret:t},\"*\")},!1)))}(window,document);\n\/* ]]> *\/\n<\/script>\n","thumbnail_url":"https:\/\/forum.schreiner-group.com\/wp-content\/uploads\/2022\/05\/smp-needle-trap-integrated-sustainability.jpg","thumbnail_width":1920,"thumbnail_height":1280,"description":"\u201eHeute handeln f\u00fcr die Generationen von morgen\u201c lautet das Credo vieler moderner Unternehmen. Gemeint ist die Umsetzung von \u00f6kologischen, wirtschaftlichen und sozialen Zielen f\u00fcr mehr Nachhaltigkeit. Auch f\u00fcr Pharmaunternehmen ist das h\u00f6chst anspruchsvoll, denn sie m\u00fcssen die gesamte Lieferkette im Blick haben, um ihre Produkte und Prozesse hinsichtlich dieser Ziele zu verbessern. Eine nachweislich nachhaltige Produktl\u00f6sung ist das Nadelschutzetikett Needle-Trap von Schreiner MediPharm. Der Pharmalabel-Spezialist hat beispielhafte Vergleichsberechnungen mit konventionellen Nadelschutzsystemen durchgef\u00fchrt. Sie unterstreichen den reduzierten \u00f6kologischen Fu\u00dfabdruck des weltweit einzigartigen Etiketts mit integriertem Nadelf\u00e4nger."}

„Heute handeln für die Generationen von morgen“ lautet das Credo vieler moderner Unternehmen. Gemeint ist die Umsetzung von ökologischen, wirtschaftlichen und sozialen Zielen für mehr Nachhaltigkeit. Auch für Pharmaunternehmen ist das höchst anspruchsvoll, denn sie müssen die gesamte Lieferkette im Blick haben, um ihre Produkte und Prozesse hinsichtlich dieser Ziele zu verbessern. Eine nachweislich nachhaltige Produktlösung ist das Nadelschutzetikett Needle-Trap von Schreiner MediPharm. Der Pharmalabel-Spezialist hat beispielhafte Vergleichsberechnungen mit konventionellen Nadelschutzsystemen durchgeführt. Sie unterstreichen den reduzierten ökologischen Fußabdruck des weltweit einzigartigen Etiketts mit integriertem Nadelfänger.
