{"version":"1.0","provider_name":"Schreiner Group Forum","provider_url":"https:\/\/forum.schreiner-group.com\/de\/","author_name":"markus.liedl@schreiner-group.com","author_url":"https:\/\/forum.schreiner-group.com\/de\/author\/markus-liedlschreiner-group-de\/","title":"E-Mobility - L\u00f6sungen f\u00fcr den Megatrend - Schreiner Group Forum","type":"rich","width":600,"height":338,"html":"<blockquote class=\"wp-embedded-content\" data-secret=\"QjHm9KVo3A\"><a href=\"https:\/\/forum.schreiner-group.com\/de\/e-mobility-loesungen-fuer-den-megatrend\/\">E-Mobility &#8211; L\u00f6sungen f\u00fcr den Megatrend<\/a><\/blockquote><iframe sandbox=\"allow-scripts\" security=\"restricted\" src=\"https:\/\/forum.schreiner-group.com\/de\/e-mobility-loesungen-fuer-den-megatrend\/embed\/#?secret=QjHm9KVo3A\" width=\"600\" height=\"338\" title=\"&#8222;E-Mobility &#8211; L\u00f6sungen f\u00fcr den Megatrend&#8220; &#8211; Schreiner Group Forum\" data-secret=\"QjHm9KVo3A\" frameborder=\"0\" marginwidth=\"0\" marginheight=\"0\" scrolling=\"no\" class=\"wp-embedded-content\"><\/iframe><script type=\"text\/javascript\">\n\/* <![CDATA[ *\/\n\/*! This file is auto-generated *\/\n!function(d,l){\"use strict\";l.querySelector&&d.addEventListener&&\"undefined\"!=typeof URL&&(d.wp=d.wp||{},d.wp.receiveEmbedMessage||(d.wp.receiveEmbedMessage=function(e){var t=e.data;if((t||t.secret||t.message||t.value)&&!\/[^a-zA-Z0-9]\/.test(t.secret)){for(var s,r,n,a=l.querySelectorAll('iframe[data-secret=\"'+t.secret+'\"]'),o=l.querySelectorAll('blockquote[data-secret=\"'+t.secret+'\"]'),c=new RegExp(\"^https?:$\",\"i\"),i=0;i<o.length;i++)o[i].style.display=\"none\";for(i=0;i<a.length;i++)s=a[i],e.source===s.contentWindow&&(s.removeAttribute(\"style\"),\"height\"===t.message?(1e3<(r=parseInt(t.value,10))?r=1e3:~~r<200&&(r=200),s.height=r):\"link\"===t.message&&(r=new URL(s.getAttribute(\"src\")),n=new URL(t.value),c.test(n.protocol))&&n.host===r.host&&l.activeElement===s&&(d.top.location.href=t.value))}},d.addEventListener(\"message\",d.wp.receiveEmbedMessage,!1),l.addEventListener(\"DOMContentLoaded\",function(){for(var e,t,s=l.querySelectorAll(\"iframe.wp-embedded-content\"),r=0;r<s.length;r++)(t=(e=s[r]).getAttribute(\"data-secret\"))||(t=Math.random().toString(36).substring(2,12),e.src+=\"#?secret=\"+t,e.setAttribute(\"data-secret\",t)),e.contentWindow.postMessage({message:\"ready\",secret:t},\"*\")},!1)))}(window,document);\n\/* ]]> *\/\n<\/script>\n","thumbnail_url":"https:\/\/forum.schreiner-group.com\/wp-content\/uploads\/2022\/06\/e-mobility-loesungen-schreiner-protech.jpg","thumbnail_width":1920,"thumbnail_height":1280,"description":"Elektroautos sind auf der \u00dcberholspur: Knapp 620.000 Fahrzeuge waren zum Jahresbeginn in Deutschland zugelassen, Tendenz steigend. Vom Druckausgleichselement bis zum Wallboxlabel \u2013 Schreiner ProTech bietet L\u00f6sungen f\u00fcr die gesamte Wertsch\u00f6pfungskette und leistet somit einen entscheidenden Beitrag zur weiteren Entwicklung der E-Mobilit\u00e4t."}

E-Mobility - Lösungen für den Megatrend - Schreiner Group Forum

<blockquote class="wp-embedded-content" data-secret="QjHm9KVo3A"><a href="https://forum.schreiner-group.com/de/e-mobility-loesungen-fuer-den-megatrend/">E-Mobility &#8211; Lösungen für den Megatrend</a></blockquote><iframe sandbox="allow-scripts" security="restricted" src="https://forum.schreiner-group.com/de/e-mobility-loesungen-fuer-den-megatrend/embed/#?secret=QjHm9KVo3A" width="600" height="338" title="&#8222;E-Mobility &#8211; Lösungen für den Megatrend&#8220; &#8211; Schreiner Group Forum" data-secret="QjHm9KVo3A" frameborder="0" marginwidth="0" marginheight="0" scrolling="no" class="wp-embedded-content"></iframe><script type="text/javascript">
/* <![CDATA[ */
/*! This file is auto-generated */
!function(d,l){"use strict";l.querySelector&&d.addEventListener&&"undefined"!=typeof URL&&(d.wp=d.wp||{},d.wp.receiveEmbedMessage||(d.wp.receiveEmbedMessage=function(e){var t=e.data;if((t||t.secret||t.message||t.value)&&!/[^a-zA-Z0-9]/.test(t.secret)){for(var s,r,n,a=l.querySelectorAll('iframe[data-secret="'+t.secret+'"]'),o=l.querySelectorAll('blockquote[data-secret="'+t.secret+'"]'),c=new RegExp("^https?:$","i"),i=0;i<o.length;i++)o[i].style.display="none";for(i=0;i<a.length;i++)s=a[i],e.source===s.contentWindow&&(s.removeAttribute("style"),"height"===t.message?(1e3<(r=parseInt(t.value,10))?r=1e3:~~r<200&&(r=200),s.height=r):"link"===t.message&&(r=new URL(s.getAttribute("src")),n=new URL(t.value),c.test(n.protocol))&&n.host===r.host&&l.activeElement===s&&(d.top.location.href=t.value))}},d.addEventListener("message",d.wp.receiveEmbedMessage,!1),l.addEventListener("DOMContentLoaded",function(){for(var e,t,s=l.querySelectorAll("iframe.wp-embedded-content"),r=0;r<s.length;r++)(t=(e=s[r]).getAttribute("data-secret"))||(t=Math.random().toString(36).substring(2,12),e.src+="#?secret="+t,e.setAttribute("data-secret",t)),e.contentWindow.postMessage({message:"ready",secret:t},"*")},!1)))}(window,document);
/* ]]> */
</script>

Elektroautos sind auf der Überholspur: Knapp 620.000 Fahrzeuge waren zum Jahresbeginn in Deutschland zugelassen, Tendenz steigend. Vom Druckausgleichselement bis zum Wallboxlabel – Schreiner ProTech bietet Lösungen für die gesamte Wertschöpfungskette und leistet somit einen entscheidenden Beitrag zur weiteren Entwicklung der E-Mobilität.
